s of 100502?
2, 31, 1621
List the prime factors of 5921689.
5921689
What are the prime factors of 695235?
3, 5, 46349
What are the prime factors of 4395839?
7, 283, 317
What are the prime factors of 3331154?
2, 1665577
List the prime factors of 1226206.
2, 673, 911
List the prime factors of 5220773.
109, 211, 227
What are the prime factors of 511421?
137, 3733
List the prime factors of 151757.
29, 5233
What are the prime factors of 331111?
11, 31, 971
What are the prime factors of 90608?
2, 7, 809
List the prime factors of 229533.
3, 76511
What are the prime factors of 802540?
2, 5, 40127
What are the prime factors of 2062589?
113, 18253
List the prime factors of 285242.
2, 127, 1123
What are the prime factors of 5079028?
2, 1269757
List the prime factors of 185135.
5, 61, 607
What are the prime factors of 1035184?
2, 23, 29, 97
List the prime factors of 152884.
2, 37, 1033
List the prime factors of 453995.
5, 29, 31, 101
List the prime factors of 4925589.
3, 1641863
What are the prime factors of 14602383?
3, 37, 47, 311
What are the prime factors of 124880?
2, 5, 7, 223
What are the prime factors of 4259357?
4259357
What are the prime factors of 400057?
7, 67, 853
List the prime factors of 283529.
281, 1009
List the prime factors of 3122165.
5, 31, 20143
What are the prime factors of 11704303?
13, 900331
What are the prime factors of 489546?
2, 3, 27197
List the prime factors of 495528.
2, 3, 11, 1877
What are the prime factors of 19999149?
3, 6666383
What are the prime factors of 153186?
2, 3, 11, 211
List the prime factors of 290806.
2, 97, 1499
What are the prime factors of 142347?
3, 23, 2063
List the prime factors of 454057.
31, 97, 151
What are the prime factors of 3500676?
2, 3, 97241
List the prime factors of 675873.
3, 11, 6827
List the prime factors of 1630242.
2, 3, 41, 47
List the prime factors of 716300.
2, 5, 13, 19, 29
What are the prime factors of 33147650?
2, 5, 662953
List the prime factors of 10893086.
2, 83, 211, 311
List the prime factors of 22002136.
2, 13, 211559
What are the prime factors of 26469709?
7, 3781387
List the prime factors of 29301.
3, 9767
List the prime factors of 5909470.
2, 5, 7, 84421
What are the prime factors of 259796?
2, 107, 607
List the prime factors of 2385611.
2385611
List the prime factors of 300817.
11, 23, 29, 41
What are the prime factors of 964763?
19, 50777
List the prime factors of 571627.
7, 127, 643
What are the prime factors of 7280133?
3, 7, 31, 53, 211
What are the prime factors of 144217?
29, 4973
What are the prime factors of 361817?
19, 137, 139
List the prime factors of 10511928.
2, 3, 7, 20857
List the prime factors of 25243878.
2, 3, 11, 17, 149, 151
List the prime factors of 16153660.
2, 5, 229, 3527
What are the prime factors of 9970728?
2, 3, 415447
What are the prime factors of 596853?
3, 17, 47, 83
List the prime factors of 884869.
47, 67, 281
What are the prime factors of 202227?
3, 67409
List the prime factors of 8475407.
383, 22129
List the prime factors of 176915.
5, 41, 863
What are the prime factors of 21341054?
2, 7, 1524361
List the prime factors of 15252386.
2, 1459, 5227
List the prime factors of 2802832.
2, 283, 619
What are the prime factors of 1587174?
2, 3, 264529
What are the prime factors of 1139881?
809, 1409
What are the prime factors of 3958335?
3, 5, 109, 269
What are the prime factors of 410278?
2, 11, 17, 1097
What are the prime factors of 2276384?
2, 11, 29, 223
List the prime factors of 2318478.
2, 3, 386413
What are the prime factors of 2493046?
2, 41, 30403
List the prime factors of 51378.
2, 3, 8563
List the prime factors of 54657.
3, 6073
List the prime factors of 24794804.
2, 151, 41051
List the prime factors of 1227780.
2, 3, 5, 19, 359
List the prime factors of 5241253.
17, 308309
What are the prime factors of 242361?
3, 7, 3847
List the prime factors of 4267650.
2, 3, 5, 23, 1237
What are the prime factors of 2096380?
2, 5, 11, 13, 733
List the prime factors of 310860.
2, 3, 5, 11, 157
What are the prime factors of 14982225?
3, 5, 37, 5399
List the prime factors of 2254140.
2, 3, 5, 7, 1789
List the prime factors of 502451.
502451
List the prime factors of 1854306.
2, 3, 23, 1493
List the prime factors of 1100295.
3, 5, 7, 499
List the prime factors of 1024649.
53, 19333
What are the prime factors of 126073?
139, 907
What are the prime factors of 360628?
2, 89, 1013
What are the prime factors of 396086?
2, 198043
List the prime factors of 2147274.
2, 3, 119293
What are the prime factors of 458917?
458917
List the prime factors of 130466.
2, 7, 9319
List the prime factors of 3951072.
2, 3, 17, 269
List the prime factors of 130267.
130267
What are the prime factors of 254960?
2, 5, 3187
List the prime factors of 1367633.
17, 80449
List the prime factors of 3572659.
23, 155333
What are the prime factors of 1562836?
2, 11, 3229
List the prime factors of 322492.
2, 37, 2179
List the prime factors of 2773237.
2773237
List the prime factors of 191906.
2, 11, 13, 61
List the prime factors of 1512218.
2, 17, 79, 563
What are the prime factors of 488819?
23, 53, 401
What are the prime factors of 921401?
13, 70877
List the prime factors of 1343700.
2, 3, 5, 1493
What are the prime factors of 4143369?
3, 1097, 1259
List the prime factors of 34678917.
3, 7, 13, 23, 263
What are the prime factors of 11097775?
5, 13, 34147
List the prime factors of 311357.
503, 619
List the prime factors of 1741045.
5, 348209
List the prime factors of 141960.
2, 3, 5, 7, 13
What are the prime factors of 2050528?
2, 139, 461
What are the prime factors of 1132623?
3, 59, 79
List the prime factors of 282619.
409, 691
List the prime factors of 116289.
3, 59, 73
What are the prime factors of 651195?
3, 5, 29, 499
What are the prime factors of 18096607?
19, 23, 41411
What are the prime factors of 278781?
3, 92927
List the prime factors of 745895.
5, 241, 619
List the prime factors of 277380.
2, 3, 5, 23, 67
List the prime factors of 4388865.
3, 5, 13, 71, 317
What are the prime factors of 18216559?
3137, 5807
What are the prime factors of 2927169?
3, 7, 97, 479
List the prime factors of 273564.
2, 3, 17, 149
What are the prime factors of 112492?
2, 28123
What are the prime factors of 5081691?
3, 17, 37, 2693
What are the prime factors of 216258?
2, 3, 7, 19, 271
What are the prime factors of 260856?
2, 3, 3623
List the prime factors of 17156732.
2, 409, 10487
List the prime factors of 880031.
880031
List the prime factors of 59092.
2, 11, 17, 79
List the prime factors of 415485.
3, 5, 7, 1319
What are the prime factors of 177125?
5, 13, 109
List the prime factors of 1094440.
2, 5, 27361
What are the prime factors of 918156?
2, 3, 19, 4027
List the prime factors of 3918712.
2, 7, 19, 29, 127
List the prime factors of 490359.
3, 149, 1097
What are the prime factors of 2146071?
3, 715357
What are the prime factors of 4654502?
2, 2327251
What are the prime factors of 807011?
807011
What are the prime factors of 246981?
3, 7, 19, 619
List the prime factors of 7225215.
3, 5, 481681
List the prime factors of 157647.
3, 7, 7507
List the prime factors of 1398609.
3, 19, 8179
List the prime factors of 178386.
2, 3, 13, 2287
What are the prime factors of 3999647?
3999647
List the prime factors of 712994.
2, 19, 29, 647
List the prime factors of 316063.
11, 59, 487
What are the prime factors of 1566625?
5, 83, 151
List the prime factors of 3422945.
5, 19, 137, 263
List the prime factors of 113958.
2, 3, 13, 487
What are the prime factors of 634620?
2, 3, 5, 7, 1511
What are the prime factors of 135923?
29, 43, 109
List the prime factors of 13022756.
2, 107, 30427
What are the prime factors of 1269853?
13, 23, 31, 137
List the prime factors of 28796.
2, 23, 313
What are the prime factors of 4575050?
2, 5, 37, 2473
What are the prime factors of 1936353?
3, 31, 47, 443
What are the prime factors of 4955236?
2, 11, 13, 8663
List the prime factors of 6012346.
2, 43, 69911
What are the prime factors of 2123234?
2, 1061617
What are the prime factors of 85176?
2, 3, 7, 13
What are the prime factors of 1235699?
41, 30139
List the prime factors of 387453.
3, 11, 59, 199
List the prime factors of 3281128.
2, 410141
What are the prime factors of 350423?
350423
What are the prime factors of 236618